
In base 7, what is 1235 + -33?
1202
In base 11, what is 3 - -182?
185
In base 7, what is -4 - 111?
-115
In base 4, what is -11 + 133112?
133101
In base 11, what is 13 + -25?
-12
In base 14, what is -38 - 6?
-40
In base 11, what is 16 + -200?
-195
In base 7, what is 625 - -5?
633
In base 11, what is -2 - -447?
445
In base 11, what is -4 + 5048?
5044
In base 3, what is 0 + 1111000?
1111000
In base 9, what is 114 - 12?
102
In base 9, what is 0 + -301?
-301
In base 4, what is 20222 - -3?
20231
In base 2, what is -110011 - 0?
-110011
In base 7, what is 25 + 26?
54
In base 10, what is 1 - 322?
-321
In base 9, what is 0 + -34?
-34
In base 14, what is -8bb - -3?
-8b8
In base 13, what is 8 + 3c2?
3ca
In base 16, what is -23 + 10?
-13
In base 7, what is -12422 - 1?
-12423
In base 6, what is 1252 + -3?
1245
In base 11, what is 2101 - 5?
20a7
In base 10, what is -5 - 2?
-7
In base 10, what is 1054 - -5?
1059
In base 5, what is -1124 + 1?
-1123
In base 14, what is 5a + 1?
5b
In base 12, what is 0 - 260?
-260
In base 6, what is -11 + 45?
34
In base 9, what is 2 + 1224?
1226
In base 2, what is 11 + -1001001?
-1000110
In base 4, what is 30 - -120?
210
In base 2, what is 100 - 101001?
-100101
In base 2, what is 101 + 111011000111?
111011001100
In base 9, what is 47 + 7?
55
In base 12, what is -813 + -1?
-814
In base 8, what is -6 + -110?
-116
In base 14, what is -10 + -10b5?
-10c5
In base 2, what is -10100100 - 11100?
-11000000
In base 11, what is 0 + 644?
644
In base 3, what is 0 - 220002?
-220002
In base 8, what is 24 - -6?
32
In base 6, what is 3225 + -25?
3200
In base 6, what is 13220 - 0?
13220
In base 13, what is -6 - 144?
-14a
In base 3, what is 100201212 + -1?
100201211
In base 4, what is -122021 + 11?
-122010
In base 15, what is 0 + 461?
461
In base 9, what is -77 - 0?
-77
In base 9, what is 141 - -5?
146
In base 9, what is 0 + -26?
-26
In base 12, what is 12 + 24?
36
In base 16, what is -9 + -1?
-a
In base 4, what is -22 - 3?
-31
In base 16, what is 2 + 1?
3
In base 7, what is 221 - -5?
226
In base 11, what is -2 - -312?
310
In base 9, what is 176 - -1?
177
In base 12, what is 80 - 3?
79
In base 7, what is -4 - -651?
644
In base 14, what is 0 - -50?
50
In base 12, what is 2 + 555?
557
In base 14, what is -20 - 70?
-90
In base 11, what is -1a + a?
-10
In base 15, what is 7a - 3?
77
In base 14, what is 4d + 5?
54
In base 7, what is 21245 - -3?
21251
In base 8, what is 2 + 3720?
3722
In base 16, what is -72 - 2?
-74
In base 6, what is -15545 + 2?
-15543
In base 3, what is 10 - -20210111?
20210121
In base 9, what is 157 + -3?
154
In base 5, what is -12314 - 0?
-12314
In base 13, what is 1a + -1?
19
In base 6, what is 214000 + -3?
213553
In base 3, what is 101000021 + 12?
101000110
In base 3, what is 11100 - 2002?
2021
In base 3, what is 1022202 - -11?
1022220
In base 4, what is 132001 + -1?
132000
In base 2, what is 110 + 11100011001?
11100011111
In base 15, what is 21 - -13?
34
In base 15, what is -2bd + -19?
-2d7
In base 12, what is -6 + 318?
312
In base 16, what is 4bb4 + 0?
4bb4
In base 12, what is 100 - -1b?
11b
In base 5, what is -11 + -102123?
-102134
In base 8, what is 1367 - 3?
1364
In base 9, what is -2 + 670?
667
In base 15, what is -3 + 14?
11
In base 3, what is 21201 - -1?
21202
In base 7, what is 265 + 42?
340
In base 8, what is 1 - 71?
-70
In base 12, what is -5 - -422?
419
In base 9, what is 3 + 402?
405
In base 8, what is 177 - -160?
357
In base 16, what is 5 - 5b?
-56
In base 14, what is 1 + -d?
-c
In base 7, what is 12 - 20?
-5
In base 7, what is -4 - -514?
510
In base 2, what is -10 - 1101101?
-1101111
In base 5, what is -3 + -304?
-312
In base 14, what is -5 + 196?
191
In base 16, what is -e1 + 3?
-de
In base 6, what is 145 + -4?
141
In base 16, what is -5 + -143?
-148
In base 2, what is -1011000000 - 1101?
-1011001101
In base 13, what is a40 + 1?
a41
In base 4, what is -33 + -111123?
-111222
In base 2, what is -101111 - 11?
-110010
In base 4, what is 210 - 131?
13
In base 16, what is -94 + 3?
-91
In base 3, what is 101011 - 1?
101010
In base 7, what is 3 + -514?
-511
In base 3, what is 101 + 2110?
2211
In base 8, what is 14 - 62?
-46
In base 5, what is 11 - -33?
44
In base 3, what is -12 - 11010222?
-11011011
In base 13, what is 8252 + 2?
8254
In base 12, what is 25 + -a?
17
In base 6, what is 2011 - 1?
2010
In base 9, what is 156 + -5?
151
In base 6, what is -3 + 3224?
3221
In base 5, what is 34 + -114?
-30
In base 5, what is -2 + -20223?
-20230
In base 2, what is -111010 + 1000?
-110010
In base 12, what is -8 + -35?
-41
In base 16, what is 2 - 29c?
-29a
In base 2, what is -1001000101010 - 101?
-1001000101111
In base 5, what is 30024 - -2?
30031
In base 2, what is -11 - 100010011?
-100010110
In base 11, what is -58 + 18?
-40
In base 2, what is -11 + -1101?
-10000
In base 8, what is -2 - -52?
50
In base 15, what is -7d - 4?
-82
In base 10, what is 122 - 7?
115
In base 13, what is -19 - 2?
-1b
In base 14, what is 48 - -10?
58
In base 3, what is 12 - 1121?
-1102
In base 5, what is 333 - -31?
414
In base 16, what is -68 - -4?
-64
In base 13, what is 43b + 5?
443
In base 9, what is 3 + 134?
137
In base 8, what is 2 + -12?
-10
In base 10, what is 79 + 16?
95
In base 2, what is 101011 - 1101011?
-1000000
In base 6, what is 33 + -153?
-120
In base 13, what is -14 - 262?
-276
In base 13, what is 1 - 33?
-32
In base 4, what is 132 - -2001?
2133
In base 8, what is -64 - 125?
-211
In base 10, what is -5 + 19?
14
In base 16, what is 4 + 1a?
1e
In base 2, what is -10011 + 100?
-1111
In base 11, what is -16 - -4?
-12
In base 14, what is -8 - -372?
368
In base 4, what is 233 + -130?
103
In base 7, what is 4 + 63?
100
In base 9, what is -13 - -7?
-5
In base 12, what is 55 - 3?
52
In base 3, what is -1 - 10220101?
-10220102
In base 7, what is 6 + -13143?
-13134
In base 13, what is 2 - -149?
14b
In base 8, what is 2 - 236?
-234
In base 11, what is -24 - -25?
1
In base 11, what is 3867 + 0?
3867
In base 5, what is -1432 + 1?
-1431
In base 7, what is -31 + -64?
-125
In base 9, what is -4 - 43?
-47
In base 5, what is 43 - 1?
42
In base 9, what is -1 - 0?
-1
In base 13, what is -4 + -7b0?
-7b4
In base 13, what is -c98 + -3?
-c9b
In base 14, what is -5 + 10?
9
In base 13, what is -2865 + 1?
-2864
In base 2, what is -101 - 10001000?
-10001101
In base 8, what is -5 + -1?
-6
In base 14, what is 33 - 9a?
-67
In base 8, what is -4 - -1644?
1640
In base 9, what is -3 - -32?
28
In base 4, what is -2 + 102103?
102101
In base 6, what is 1330 + -2?
1324
In base 11, what is -8 + -38?
-45
In base 15, what is 21 + -2d?
-c
In base 16, what is -b + -21?
-2c
In base 5, what is -1431 + 10?
-1421
In base 15, what is -1 + -b9a?
-b9b
In base 3, what is -20220 - 0?
-20220
In base 2, what is 10111 + -110?
10001
In base 4, what is -312 - 21?
-333
In base 15, what is 58 + -1?
57
In base 11, what is 6758 - 5?
6753
In base 10, what is -16 - 26?
-42
In base 14, what is 2ca - 0?
2ca
In base 9, what is -5 + 2145?
2140
In base 16, what is -2225 + 2?
-2223
In base 11, what is 20 - -37?
57
In base 3, what is -212 + 20?
-122
In base 13, what is 34 - a?
27
In base 9, what is -17 - -377?
360
In base 13, what is -3 + 255?
252
In base 16, what is a - 22f?
-225
In base 15, what is 1e - 7b?
-5c
In base 7, what is -3 - 52?
-55
In base 11, what is -2 + 13?
11
In base 4, what is -11 + 2302?
2231
In base 8, what is 1420 + -4?
1414
In base 15, what is 12 - -31?
43
In base 15, what is b + -a?
1
In base 2, what is 110110000 + -100?
110101100
In base 5, what is -413 + 20?
-343
In base 14, what is 0 - -a3?
a3
In base 6, what is -4 + 232?
224
In base 4, what is 0 + -31?
-31
In base 11, what is -40 - 2?
-42
In base 2, what is 101 - 101100100001?
-101100011100
In base 13, what is -29 - -4?
-25
In base 10, what is 4 + 208?
212
In base 7, what is 1 + -43?
-42
In base 12, what is 53 - -48?
9b
In base 4, what is 11 - -33?
110
In base 11, what is -69a + -4?
-6a3
In base 15, what is -c - d?
-1a
In base 6, what is 10 - -112?
122
In base 9, what is -4 - -4533?
4528
In base 9, what is 6 - -58?
65
In base 4, what is 22233 - 13?
22220
In base 10, what is 2029 - -1?
2030
In base 3, what is 12 - 1101021?
-1101002
In base 4, what is -110123 + 121?
-110002
In base 5, what is -10 + -122322?
-122332
In base 8, what 